
427
What is the remainder when 104070 is divided by 158?
106
Calculate the remainder when 548184 is divided by 1692.
1668
What is the remainder when 2998918 is divided by 30?
28
What is the remainder when 572167 is divided by 10114?
5783
What is the remainder when 4281249 is divided by 3043?
2791
Calculate the remainder when 1098834 is divided by 7135.
44
Calculate the remainder when 483394 is divided by 241669.
56
What is the remainder when 68980693 is divided by 17245173?
1
Calculate the remainder when 402705 is divided by 201351.
3
What is the remainder when 90655 is divided by 6973?
6
Calculate the remainder when 465481 is divided by 4749.
79
Calculate the remainder when 289896 is divided by 55689.
11451
Calculate the remainder when 2465 is divided by 64.
33
What is the remainder when 14163423 is divided by 1004?
999
Calculate the remainder when 5920764 is divided by 1158.
1068
Calculate the remainder when 4862129 is divided by 94.
73
What is the remainder when 2852195 is divided by 11984?
3
Calculate the remainder when 4139953 is divided by 986.
725
Calculate the remainder when 275878098 is divided by 6785.
6783
What is the remainder when 130907799 is divided by 8384?
23
Calculate the remainder when 85003773 is divided by 2808.
2805
What is the remainder when 8317 is divided by 3846?
625
Calculate the remainder when 20755370 is divided by 131.
123
Calculate the remainder when 299350869 is divided by 455.
454
What is the remainder when 17504 is divided by 1861?
755
Calculate the remainder when 8140126 is divided by 1861.
112
Calculate the remainder when 4043597 is divided by 2206.
2205
Calculate the remainder when 187503 is divided by 6935.
258
What is the remainder when 365033 is divided by 40557?
20
Calculate the remainder when 326668 is divided by 118.
44
What is the remainder when 128309581 is divided by 26?
23
What is the remainder when 1473211 is divided by 1039?
948
Calculate the remainder when 134660623 is divided by 134660609.
14
What is the remainder when 56236545 is divided by 673?
665
Calculate the remainder when 444363 is divided by 366.
39
Calculate the remainder when 242768 is divided by 8991.
11
What is the remainder when 20650476 is divided by 348?
156
Calculate the remainder when 100115 is divided by 277.
118
Calculate the remainder when 1064241 is divided by 1762.
1755
Calculate the remainder when 293074 is divided by 803.
782
What is the remainder when 494168 is divided by 10514?
10
What is the remainder when 6582267 is divided by 3186?
3177
Calculate the remainder when 12619636 is divided by 12619614.
22
Calculate the remainder when 10420452 is divided by 603.
9
Calculate the remainder when 549059 is divided by 195.
134
What is the remainder when 5930513 is divided by 85949?
32
What is the remainder when 46593224 is divided by 23296610?
4
Calculate the remainder when 2738820 is divided by 32994.
318
Calculate the remainder when 4750 is divided by 1404.
538
What is the remainder when 12907963 is divided by 51?
16
Calculate the remainder when 480775 is divided by 2047.
1777
What is the remainder when 593567 is divided by 10986?
323
Calculate the remainder when 3411166 is divided by 3354.
148
Calculate the remainder when 243397 is divided by 8393.
0
Calculate the remainder when 74654 is divided by 24716.
506
Calculate the remainder when 16042640 is divided by 658.
600
Calculate the remainder when 1660053 is divided by 110664.
93
Calculate the remainder when 3516263 is divided by 703252.
3
Calculate the remainder when 14085518 is divided by 1625.
18
What is the remainder when 183891839 is divided by 12?
11
What is the remainder when 194401 is divided by 38815?
326
What is the remainder when 113578 is divided by 2501?
1033
Calculate the remainder when 298477 is divided by 74423.
785
What is the remainder when 903229390 is divided by 19?
18
Calculate the remainder when 153480 is divided by 30653.
215
Calculate the remainder when 13986 is divided by 765.
216
What is the remainder when 29562 is divided by 9259?
1785
What is the remainder when 46489 is divided by 44876?
1613
What is the remainder when 1223604 is divided by 157?
103
Calculate the remainder when 10771453 is divided by 1174.
3
Calculate the remainder when 531582 is divided by 22.
18
Calculate the remainder when 27141 is divided by 2433.
378
What is the remainder when 5953407 is divided by 90?
87
Calculate the remainder when 1101615 is divided by 1101604.
11
What is the remainder when 2688409289 is divided by 10?
9
Calculate the remainder when 153996 is divided by 3278.
3208
Calculate the remainder when 3297491 is divided by 1022.
519
What is the remainder when 6840 is divided by 1468?
968
Calculate the remainder when 31303 is divided by 14800.
1703
What is the remainder when 3013442 is divided by 2446?
2416
Calculate the remainder when 268743 is divided by 148.
123
Calculate the remainder when 71535200 is divided by 35431.
11
Calculate the remainder when 11644 is divided by 5731.
182
Calculate the remainder when 1109064 is divided by 4454.
18
Calculate the remainder when 454405 is divided by 160.
5
What is the remainder when 157478 is divided by 2630?
2308
Calculate the remainder when 18631 is divided by 13979.
4652
What is the remainder when 3960028 is divided by 3959984?
44
Calculate the remainder when 2437046 is divided by 116049.
17
What is the remainder when 594415 is divided by 7430?
15
Calculate the remainder when 3583015 is divided by 1791497.
21
What is the remainder when 610870 is divided by 979?
953
Calculate the remainder when 41661870 is divided by 112.
110
Calculate the remainder when 1584079 is divided by 8047.
6867
What is the remainder when 10359097 is divided by 3508?
3481
Calculate the remainder when 120052 is divided by 4139.
21
Calculate the remainder when 715345 is divided by 2264.
2185
What is the remainder when 3340402 is divided by 58?
8
Calculate the remainder when 361137 is divided by 2176.
2097
Calculate the remainder when 9065353 is divided by 3817.
3795
What is the remainder when 13060 is divided by 6434?
192
What is the remainder when 2584 is divided by 246?
124
What is the remainder when 151549 is divided by 1306?
53
Calculate the remainder when 43676369 is divided by 1490.
1489
What is the remainder when 1739355155 is divided by 4356?
4355
Calculate the remainder when 641093 is divided by 641033.
60
Calculate the remainder when 111034976 is divided by 8293.
8292
What is the remainder when 76310 is divided by 75389?
921
Calculate the remainder when 38086657 is divided by 95695.
47
Calculate the remainder when 9541241 is divided by 64.
57
What is the remainder when 38721942 is divided by 1936096?
22
What is the remainder when 3424 is divided by 465?
169
What is the remainder when 21915308 is divided by 1162?
1150
Calculate the remainder when 1782754 is divided by 22.
6
What is the remainder when 1669104 is divided by 316?
308
What is the remainder when 28040106 is divided by 2122?
2120
What is the remainder when 7322035 is divided by 55?
50
What is the remainder when 699440 is divided by 4239?
5
What is the remainder when 581708 is divided by 290841?
26
Calculate the remainder when 470342 is divided by 5169.
5132
Calculate the remainder when 712762 is divided by 191.
141
What is the remainder when 190103 is divided by 190023?
80
What is the remainder when 361029 is divided by 2978?
691
What is the remainder when 862983 is divided by 69?
0
What is the remainder when 7211075 is divided by 3605533?
9
What is the remainder when 2288735 is divided by 197?
186
What is the remainder when 122476887 is divided by 262?
9
What is the remainder when 4734021 is divided by 204?
201
Calculate the remainder when 866293 is divided by 11.
10
What is the remainder when 3027813 is divided by 56?
5
What is the remainder when 42934387 is divided by 320?
307
Calculate the remainder when 315507895 is divided by 301.
297
Calculate the remainder when 7632531 is divided by 21.
18
Calculate the remainder when 596530 is divided by 2644.
1630
What is the remainder when 5874088 is divided by 111?
79
Calculate the remainder when 143203 is divided by 39.
34
Calculate the remainder when 551082622 is divided by 5375.
5372
What is the remainder when 8478218 is di